lculate the remainder when 8 is divided by w.
3
Let a be 1*(-1 - -1) + 2. Suppose -3*h + 4*z = -58, a*z = 1 + 9. What is the remainder when 102 is divided by h?
24
Let n(i) = -i**2 - 3*i + 2. Let u be n(-3). Let m = u + 7. What is the remainder when 16 is divided by m?
7
Let g(r) = 5*r + 5*r - 2*r - 4 - r**2. Calculate the remainder when g(7) is divided by 2.
1
Let i = 28 + -2. Let a be (-6)/(-16) - 165/(-8). Let r = -12 + a. Calculate the remainder when i is divided by r.
8
Let z = 32 - -57. Calculate the remainder when z is divided by 30.
29
Calculate the remainder when 11 is divided by 6 - (3 - 3 - (2 - 2)).
5
What is the remainder when (-6)/(-21) + 855/21 + 2 is divided by 11?
10
Let h(k) = k**3 - 9*k**2 - 9*k + 2. Calculate the remainder when 45 is divided by h(10).
9
What is the remainder when 1968/21 - 2/(-7) is divided by 32?
30
What is the remainder when 27 is divided by (-212)/(-15) + 8/(-60)?
13
Let y = 46 - -25. Calculate the remainder when y is divided by 37.
34
Let i(s) = -s**2 - 4*s + 4. Let q be i(-4). Suppose 3*h + h - 2*f = 34, h - q = 5*f. Calculate the remainder when 15 is divided by h.
6
Suppose 3*b + 75 - 21 = 0. Let i = 26 + b. What is the remainder when i is divided by 3?
2
Suppose 2*v = 4*t - 194, 9*t = 6*t + 4*v + 133. Calculate the remainder when t is divided by 17 + 1 + (1 - 1).
15
What is the remainder when 57 is divided by -8 - -5 - (-17 - (2 - 1))?
12
Let a(q) = 2*q**2 + 0*q**2 - 3*q**2 + 7*q + 10. Calculate the remainder when 18 is divided by a(7).
8
Let w = 9 - 1. Suppose 4*p = 5 - 37. Calculate the remainder when w is divided by 10/p*(-6 - -2).
3
Suppose -16 + 2 = -h. Let g = 7 - 28. Let f = 47 + g. What is the remainder when f is divided by h?
12
Let d(b) = -3 - b + b - 4 - 2*b. Calculate the remainder when 13 is divided by d(-6).
3
Let d(f) = -4*f + 8. Let s be d(11). Let y = s - -58. Calculate the remainder when y is divided by 12.
10
Let p(i) = 2*i - 3. Calculate the remainder when 84 is divided by p(16).
26
Suppose -b = 3*b - 20. What is the remainder when (-1 - -1) + (-5 - -19) is divided by b?
4
What is the remainder when 28 is divided by 8/(-6)*4/((-32)/60)?
8
Let q(p) = 3*p**2 - 21*p + 18. Let u(t) = t**2 - 7*t + 6. Let z(g) = 4*q(g) - 11*u(g). Let v = 4 + 13. Calculate the remainder when v is divided by z(7).
5
Let g(k) = -2*k - 2. Let i be -2 + -4 - (-1 + 0). Let z(a) = a + 19. What is the remainder when z(-5) is divided by g(i)?
6
Let q(g) = 5*g + 11. Let o = -1 + 1. Suppose o = d + 12 - 34. Calculate the remainder when d is divided by q(-1).
4
Let w(g) = -g**2 + 1 - 2*g + 0 - 2*g. Let t be w(-3). Calculate the remainder when 5 is divided by 3/1*4/t.
2
Let p = -22 - -24. What is the remainder when p is divided by 2?
0
Let n(b) = b. Let u be n(-10). What is the remainder when 33 is divided by 20 + 5/(u/6)?
16
Let v = 25 + -18. Let j(a) = -3*a - 6. Calculate the remainder when j(-6) is divided by v.
5
Suppose 3*u - 46 = u. What is the remainder when 90 is divided by u?
21
Let q = 18 + -11. Let h = q - -6. Let o = 73 + -37. Calculate the remainder when o is divided by h.
10
Suppose 4*j - 15 = -5*w + 171, 2*w - 45 = -j. Let t = j - 15. What is the remainder when t is divided by 12?
10
What is the remainder when 1/(-3) - (-320)/6 is divided by 14?
11
Let v(z) = -14 + 17 + 2*z - 8. Calculate the remainder when 36 is divided by v(12).
17
Let o(g) = g. Let m be o(0). Suppose m*d - 20 = -4*d. Suppose -d*y + 44 = -y. What is the remainder when 32 is divided by y?
10
Let n = -83 + 91. What is the remainder when 45 is divided by n?
5
Suppose -4*w - 20 = g - 2*g, -2*w - 10 = -3*g. Suppose -y - 3*h + 0*h + 48 = g, y = h + 52. What is the remainder when y is divided by 13?
12
Let r(t) = -t + 1 - 6*t - 9*t + 18*t. What is the remainder when 20 is divided by r(5)?
9
Let p be (-3)/(27/6)*-3. Suppose -p*v - 3*z = -48, -4*v + 52 = -4*z - z. What is the remainder when 52 is divided by v?
16
Let h be 7 - ((-2 - 0) + 4). Suppose 4*i - h*i + 33 = 0. Suppose z - 6*z + 85 = 0. What is the remainder when i is divided by z?
16
Let c = 24 + -9. What is the remainder when -9*6/c*-5 is divided by 10?
8
Calculate the remainder when 326/9 + (-2 - 96/(-54)) is divided by 25.
11
Let x = 6 + -1. Let f = 14 - 1. What is the remainder when f is divided by x?
3
Let f(m) = m**3 - 12*m**2 + 5*m + 12. Let b be f(11). Calculate the remainder when ((-3)/(-2))/((-3)/b) is divided by 14.
13
Suppose q - 2*p - p = 18, -4*q + 44 = -5*p. Suppose u + 0 = 2. Suppose 3*m - 13 = 2*m - 2*x, -8 = -u*m + 5*x. Calculate the remainder when m is divided by q.
3
Let n(w) = -w - 6. Let r be n(-6). Suppose r = 3*b + 2*b - 290. Let d = 19 + 1. What is the remainder when b is divided by d?
18
Let c = -4 + 7. Suppose -2*g - 3*g + 26 = p, g + 20 = 4*p. What is the remainder when c is divided by (1/(-2))/(p/(-24))?
1
Suppose -208 = -4*i + 4*q - 8*q, 0 = 3*i - 5*q - 188. What is the remainder when i is divided by 30?
26
Suppose 9 + 72 = 3*v. Suppose q - r = -v + 77, -5*q = -3*r - 248. What is the remainder when q is divided by 17?
15
Let l be (-1 - (-4)/2)*-7. Let g(o) = -4*o**2 - 5 + o**3 + 11*o**2 - o - 5 + 5. Calculate the remainder when g(l) is divided by 2.
0
What is the remainder when ((-15)/4)/(8/(-160)) is divided by 19?
18
Let n be -28*(0 + 2/4). Let a = 6 + 9. Calculate the remainder when a is divided by (-4)/(-14) + (-108)/n.
7
Let u be 2 - (-1)/(3/24). Let o = -10 + u. Suppose 3*x - p - 95 - 21 = 0, -4*x - 5*p + 142 = o. What is the remainder when x is divided by 20?
18
Suppose -25 = 2*l + 3*l, -3*r - 5*l - 10 = 0. Suppose 3*s - 2*s - 43 = -r*k, -5*s + 4*k = -215. What is the remainder when s is divided by 15?
13
Let b(m) = 7*m + 71. Calculate the remainder when b(0) is divided by 19.
14
Let k be (-3 - 2) + 2 - -34. Suppose -65 - k = -4*j. Suppose i - 4*i = -j. What is the remainder when 15 is divided by i?
7
Suppose -3 = -q + 1. Suppose c = 2*h - h - 18, 2*h = 4*c + 42. What is the remainder when h is divided by q?
3
Suppose 2*p + 0*c - 5*c = 58, 2*p + 5*c - 58 = 0. Let l = 38 - 32. What is the remainder when p is divided by l?
5
Suppose 5*h + 10 = 0, 4*b - 2*h - 8 = -0. Let l(p) = 8*p - 1. Calculate the remainder when 12 is divided by l(b).
5
Let m be (-1)/(3*(-3)/(-63)). What is the remainder when (-558)/(-21) + (-3)/m is divided by 10?
7
What is the remainder when 95 is divided by (35/(-3) - -1)*-3?
31
Let k(q) = 2*q - 1. Suppose -4*g = -g - 5*y - 25, 0 = g + 3*y + 1. Let s = 16 + -11. Calculate the remainder when k(g) is divided by s.
4
Suppose -m = -a + 1, -4*a + 17 - 7 = 2*m. Suppose -a*r - 22 = -2*k + 2*r, 33 = 3*k + 4*r. Calculate the remainder when 75 is divided by k.
9
Let h(t) = 2*t + 20. Calculate the remainder when h(-7) is divided by 3.
0
Suppose -z - 126 = -3*z. What is the remainder when z is divided by 33?
30
Let x be (-9)/(-6)*2 - -93. Suppose p + d - 49 = 0, -2*p - x = -4*p - 3*d. Calculate the remainder when p is divided by 13.
12
Let q be -10 + 7 - 3*1. Let i = q + 16. What is the remainder when i is divided by 4?
2
Calculate the remainder when 12 is divided by 6 + (-1 + 7)/(-2).
0
Calculate the remainder when 18/1 - 48/(-16) is divided by 3.
0
Let a(z) = 4*z**2 + z. Calculate the remainder when a(-1) is divided by 3.
0
Let u = 36 - 24. Calculate the remainder when u is divided by 7.
5
Suppose -t + 6 = t. Suppose u = h + 5, -4*u - t*h + 0*h - 1 = 0. Suppose -5*w = -u*w - 39. What is the remainder when 38 is divided by w?
12
Let a = -9 - -10. Let c = 5 - a. What is the remainder when 7 is divided by c?
3
Let m be 1*(0 - 0)/1. Suppose 12 = y - 3*y - 4*a, m = -4*y - a + 4. Calculate the remainder when 36 - (-3 + 0 + y) is divided by 13.
11
Suppose -75 = -7*k + 2*k. Let c(b) = 3*b**2 - 12*b + 8. Calculate the remainder when k is divided by c(4).
7
Suppose 0 = 4*a + 24 - 0. Let n(v) = -4*v - 5. Calculate the remainder when n(a) is divided by 7.
5
Suppose 98 = 4*x + 2*r, -5*x - 5*r = -4*x - 47. Calculate the remainder when 64 is divided by x.
20
Suppose 2*k + 0*a - 5*a = 10, -k - 5 = -5*a. Calculate the remainder when 57 is divided by k.
12
Let q be -40 + (2*-2)/(-2). Let x = -23 - q. Let m = -21 - -29. Calculate the remainder when x is divided by m.
7
What is the remainder when 4 is divided by -2 + (2 - 8/(-4))?
0
Suppose -r = -6*r 